 o be y(-3). Let g(w) = -o*w - 3 + 18*w - w**2 + a*w. Calculate g(6).
9
Let f(x) = 2*x**2 + 4*x - 54. Let q(w) = -64*w - 188. Let i be q(-3). Determine f(i).
-6
Suppose 0 = 4*s - 9*s + 5*u, 0 = -3*u + 12. Let y(d) = 3*d**3 + d**2 + 9*d + 1. Let r(w) = 2*w**3 + w**2 + 8*w + 1. Let n(x) = 4*r(x) - 3*y(x). Determine n(s).
-27
Suppose 0 = -2*l + 2, -4*w + 124 = -4*l + 28. Let s be 2*(1 - (-1)/2). Let h(a) = a**s - w*a - 22*a + 49*a + 6*a**2 + 7. Give h(-6).
-5
Let v(k) = -6*k + 2. Let b(c) = -70*c - 100*c**3 + 99*c**3 + 73*c. Let h(n) = -b(n) - v(n). Give h(2).
12
Let x(d) = -6 - 5*d + 0*d + 2*d. Let v = 124 + -43. Let i = 76 - v. Give x(i).
9
Let l(d) = -d**3 - 10*d**2 + 7*d**2 + 2*d**3 - 2. Suppose 5*n - 2 = 7*n + 2*z, 0 = -3*n - 2*z + 1. What is l(n)?
-2
Let w(f) = -f + 4. Let m be w(18). Let c(u) be the first derivative of u**4/4 + 13*u**3/3 - 13*u**2/2 + 17*u - 619. Calculate c(m).
3
Suppose 3*n - 46 = -19. Let g(a) = 18*a**2 - 6 - 5 - 17*a**2 + 8*a + n. Suppose 3*t = -15, -2*t = 3*f + 34 - 3. Determine g(f).
-9
Let p be -4 + 0 + (2 - (3 - -8)). Let o be p + 28 + (0 - 3). Let u(z) = z**2 - 11*z - 8. Calculate u(o).
4
Let v(d) = -152*d + 1821. Let h be v(12). Let l(r) = -r**3 + 3*r - 7. What is l(h)?
11
Let t(g) be the second derivative of -g**5/60 + g**4/8 - 2*g**3/3 + 39*g**2/2 - 26*g. Let j(f) be the first derivative of t(f). Give j(3).
-4
Let y(j) = -144*j + 3*j**2 + 294*j + 9 - 4*j**2 - 150*j. Calculate y(-5).
-16
Let i be (14/(-8) - -1)*-4. Let m(g) = -18*g**3 + 7*g**2 + 71*g + 75. Let d(b) = -7*b**3 + 3*b**2 + 27*b + 29. Let u(v) = -13*d(v) + 5*m(v). What is u(i)?
1
Let u(b) = -5*b**2 + b - 2. Let s = -198 + 206. Let v be (s - 78/9)*-3. Give u(v).
-20
Let d(g) = -g - 6. Let s(p) = -p**2 + 37*p - 230. Let u be s(29). Let f be (1 - (u - -10)) + 0. Give d(f).
5
Suppose n = 2*q - 4, 58*q - 57*q = -2*n + 7. Let h(x) = 8*x + 12 + x**2 - 12 + 9 - n. Give h(-6).
-5
Let h(a) = 5*a**2 - 9*a - 17. Let g(q) = 6*q**2 - 11*q - 23. Let t(j) = 4*g(j) - 5*h(j). Determine t(5).
-27
Let f(k) be the second derivative of 95*k**3/6 + 194*k**2 + 2*k + 1982. What is f(-4)?
8
Let w(q) be the second derivative of -q**3/2 - 2*q**2 - 5*q + 848. What is w(12)?
-40
Let j(g) be the third derivative of -g**4/24 - 7*g**3/3 + 44*g**2 + g - 2. Calculate j(12).
-26
Let q(b) be the first derivative of 2*b**2 - 1/3*b**3 - 2*b + 52. Calculate q(4).
-2
Let r(i) be the third derivative of -i**4/24 - i**3/2 - 32*i**2. Let q be 1/(-3*3/(-450)). Let a be q/(-18) + (-5)/(135/6). Give r(a).
0
Let n = 531 - 528. Let w(m) = 15*m + 8 - 2*m**2 - 10*m**2 - 2*m**2 - 4*m**3 + 3*m**n. Determine w(-15).
8
Let y(q) = -2*q**2 + 32*q - 7. Let i be (450/(-42) - -7) + 4/(-14). Let c(t) = -t**2 + 17*t - 3. Let s(m) = i*y(m) + 7*c(m). What is s(8)?
-1
Let m(j) = 57*j + 4 - j**2 + 40*j + 54*j + 2 - 141*j. Give m(10).
6
Let i(t) = 1 - 2*t + 6*t - t**3 - 2 + 2*t**2. Let q be (-88)/220 + (-4)/(-10). Suppose -31*p + 90 + 34 = q. Determine i(p).
-17
Suppose -2*s - 396 = r - 7*s, -3*r - 3*s - 1206 = 0. Let v = r - -398. Let a(o) = o**3 + 3*o**2 - o - 6. What is a(v)?
-3
Let p(i) = -84*i**2 + 4 - 67*i**2 + 178*i**2 - 5*i**3 - 12*i**3 + 16*i**3 - 26*i. Give p(26).
4
Let c(x) = -599 - 599 + 1209 - 2*x. Determine c(0).
11
Let i(q) = -107*q**2 + 306*q**2 + 8*q**3 - q + 12*q**3 - 91*q**2 - 107*q**2. Determine i(-1).
-18
Let m(v) = v**2 + 2*v - 59. Let u = -12640 + 12640. Determine m(u).
-59
Let t = 12 + -12. Suppose 5*y - 50 = -t*y. Suppose -15*f = -y*f + 15. Let i(n) = n**3 + 2*n**2 - 2*n - 1. What is i(f)?
-4
Let g = 60 - 47. Let k = 184 - g. Let d(j) = 4*j + k - 2*j**2 - 87 - 87. Give d(2).
-3
Let n(l) = l**2 - 12*l + 14. Let g(p) = -p + 1. Let c(a) = 3*g(a) - n(a). Suppose -4*w = -28 - 4. Determine c(w).
-3
Let f(u) = 91*u + 3. Let w be (-1128)/(-188)*(-1)/6. Calculate f(w).
-88
Let y(f) = -3*f**3 - 49*f**2 - 18*f. Let j(h) = 2*h**3 + 39*h**2 + 16*h - 1. Let v(q) = 4*j(q) + 3*y(q). Give v(10).
-4
Let m(v) be the third derivative of -v**6/120 + 2*v**5/15 + v**4/3 + 19*v**2 + v. Let g = -15 + 24. What is m(g)?
-9
Let o(r) = 3 + 10*r**2 + 2*r**2 - 2*r - 2*r**2. Suppose -y + 1 = -5*s + 3*y, -3*s - 5*y = 45. Let c(q) = -q**2 - 1. Let f(z) = s*c(z) - o(z). Calculate f(2).
-14
Suppose 0 = -53*y - 360*y + 504 + 1974. Let z(g) be the second derivative of -g**5/20 + g**4/2 + g**3/6 + 2*g**2 - 2*g. Give z(y).
10
Let c(g) be the second derivative of 4*g**2 + 7/6*g**3 + 1 - 1/12*g**4 - 13*g. Give c(7).
8
Let a(c) = -c**2 - 41*c - 356. Let m be a(-13). Let i(h) = -h**2 + 11*h + 18. What is i(m)?
42
Let n(b) = -b**2 + b - 16. Let w(r) = -5*r**2 - 17*r + 18. Let h be w(-4). Give n(h).
-46
Suppose -17*o = -8*o - 54. Let n(h) = 4*h**2 + 8*h + o*h**2 + 4*h**2 - 13*h**2 - 2. Calculate n(-8).
-2
Let h(g) = -g**2 + g - 7. Suppose 3*z + i = 10, 4*z - 2*i + 6 = 3*z. Suppose -z = -5*n - j, 4 = 2*n + 3*n + 2*j. Give h(n).
-7
Let t(d) = -16*d - 18. Let w(c) = -9*c - 8. Let v(u) = -4*t(u) + 7*w(u). Calculate v(-12).
4
Let t be (-779 - -15)*1/(-2). Let g(j) = -191*j + 10 - 190*j + t*j. Determine g(-13).
-3
Let u(l) = l + 1 + 11*l - 10*l + 3 - 16*l. Give u(3).
-38
Let b(g) = -17*g**2 + 13*g**2 + 0*g**3 - 3*g - 10 + 15*g - g**3. Let v(o) = o**2 + o. Let u = -21 + 17. Let t(y) = u*v(y) + b(y). Calculate t(-9).
-1
Let o(m) = -11*m**2 - 2*m - 1. Suppose -z + 5 = k, 2*z = -5*k - 40 + 59. Suppose 3*d + k*d + 6 = 0. Calculate o(d).
-10
Let r(k) = -11*k**2 - 16*k**2 + 2 - 3 + 1 + 1. Let b(g) = -g**2 + g - 1. Let d(l) = b(l) + r(l). Give d(1).
-27
Let r(m) be the third derivative of m**6/120 - m**4/12 + 8*m**3/3 + 2*m**2 + 147*m. Determine r(5).
131
Let g(v) be the second derivative of v**3/6 - 22*v**2 + 1328*v. What is g(-14)?
-58
Let u be 2/5 + 26/10. Let d(o) = -24 + 3*o**2 - 31 - o**3 + o - 22 + 79. What is d(u)?
5
Let c(j) = j**2 - 7*j + 4. Let b be c(5). Let p(q) be the first derivative of 3/2*q**2 - 553 + 1/3*q**3 - 7*q. Calculate p(b).
11
Let t be 1850/20 + 3 - 1/(-2). Let s(c) = 1 + 50*c + 47*c - t*c. Calculate s(-9).
-8
Let v(o) = -o**3 - 6*o**2 + 2*o + 3. Let a(k) = -186*k**2 + 178*k**2 + k**3 + 8*k - 9*k + 2. Let z be (5 - -1)*4/3. Let d be a(z). Calculate v(d).
-9
Let f(z) be the second derivative of z**4/4 - 17*z**3/6 - 9*z**2/2 - 8*z. Let g(x) = x**2 - 6*x - 3. Let m(v) = -4*f(v) + 11*g(v). Calculate m(-4).
-21
Let z(d) = -2*d**3 - 2*d**2. Let r(o) = 2*o**2 + 13*o + 8. Let m be r(-6). Let w be ((-4)/m)/(9 + -2 + -6). Give z(w).
8
Let s(g) be the first derivative of -23*g**3/3 + g**2/2 + g + 1. Let j = -152 + 154. Suppose 0*c = -3*f + 2*c + 5, 3*c = j*f - 10. Calculate s(f).
-23
Suppose -177*a + 30 = -172*a. Suppose 2*y - 12*v + 10*v = a, y = -2*v + 12. Let t(o) = 5*o + 3*o**2 + 0*o**2 - 4*o**2. What is t(y)?
-6
Let x(l) be the second derivative of l**3/2 + 2*l**2 + 21*l - 2. Let s be (-2)/(-1) + 0 - -3. Let g(o) = -o**2 + 3*o + 6. Let p be g(s). Give x(p).
-8
Let o(l) = -l + 3*l**3 + 7*l**2 - 4*l - 4*l**3 + 1. Let x be (21/(-14))/((-7)/70). Let i be 15/(x*4/24). Calculate o(i).
7
Let d(n) = -n**2 + 4*n + 13. Suppose 0 = -h + 5*h - q - 42, -2*q - 51 = -5*h. What is d(h)?
-64
Let n(s) = 16*s**2 - 25*s - 72. Let i(d) = 3*d**2 - 5*d - 14. Let h(y) = 11*i(y) - 2*n(y). Suppose -39*l = -211 - 101. What is h(l)?
14
Suppose -10*j + 163 = -77. Suppose 12*v - j = 18*v. Let r(t) = t**3 + 3*t**2 - 5*t + 3. Determine r(v).
7
Let j(c) = -37*c + 187. Let h(n) = 35*n - 186. Let p(v) = -6*h(v) - 5*j(v). Let m be p(7). Let i(z) = -z**3 + 6*z**2 + 5*z - 9. Give i(m).
21
Let p(a) = -2*a**3 + a**2 - 2*a + 162. Let i = 6379 - 6379. What is p(i)?
162
Let x(c) = -2*c + 5. Let s be ((-218)/(-3))/(3 + 80/(-24)). Let j = s - -222. Give x(j).
-3
Let r(j) = 3*j**3 + 2*j**2 + 4*j - 1. Let k(c) = -4*c**3 - 3*c**2 - 5*c + 1. Let o = -139 - -144. Let u(w) = o*k(w) + 6*r(w). What is u(-2)?
5
Let l = -127 + 128. Suppose 3*s + 1 = 4*s. Let a = s - l. Let w(k) = k**3 + k**2 + k - 4. What is w(a)?
-4
Let g(k) = -k**3 - 17*k**2 - 2*k - 16. Let o = -7811 + 7794. What is g(o)?
18
Suppose 5*q - 155 = -g, -2*q - 3*g = -65 - 10. Let o be 54/8 - (-3)/12. Suppose -a + q = -o*a. Let d(f) = -f**3 - 4*f**2 + 5*f + 4. Give d(a).
4
Suppose 5*p - 9 = -2*v, 2246*p - 2247*p + 5*v - 9 = 0. Let o(m) = 6*m**2 - 3*m + 4. What is o(p)?
7
Let a(r) = -1 - 8*r + 0*r**2 + r**2 - 2 - 2. S